is the highest common factor of 24 and 51351?
3
What is the greatest common divisor of 8550 and 3960?
90
Calculate the greatest common factor of 14 and 166215.
7
Calculate the highest common divisor of 478568 and 7172.
652
Calculate the highest common divisor of 1283 and 7.
1
What is the highest common divisor of 15 and 785?
5
Calculate the greatest common factor of 1064 and 15428.
532
Calculate the greatest common factor of 1225 and 64.
1
What is the greatest common divisor of 56 and 3262?
14
Calculate the greatest common divisor of 2537 and 19737.
43
What is the greatest common factor of 46 and 124361?
23
What is the highest common factor of 4028 and 4237?
19
What is the greatest common factor of 4632 and 36670?
386
Calculate the greatest common factor of 33384 and 300.
12
Calculate the greatest common divisor of 3797084 and 83.
83
Calculate the greatest common factor of 19765 and 43215.
335
Calculate the highest common factor of 141 and 1686219.
141
Calculate the highest common divisor of 13128 and 8592.
24
Calculate the highest common divisor of 32598 and 18.
18
Calculate the greatest common factor of 1566 and 464.
58
What is the highest common divisor of 289 and 27659?
17
Calculate the greatest common factor of 74218 and 172.
86
What is the highest common factor of 12 and 1314498?
6
What is the highest common divisor of 19572 and 84?
84
Calculate the greatest common factor of 6069 and 2040.
51
What is the highest common divisor of 38 and 19361?
19
What is the greatest common divisor of 91756 and 4972?
452
What is the highest common factor of 479 and 408587?
479
Calculate the greatest common factor of 21008 and 1664.
208
What is the greatest common divisor of 37875 and 8585?
505
What is the highest common factor of 19256 and 174?
58
What is the greatest common factor of 1 and 127189?
1
Calculate the greatest common divisor of 288217 and 491.
491
What is the greatest common divisor of 128414 and 110?
22
Calculate the greatest common factor of 292 and 6191714.
146
What is the greatest common divisor of 42 and 101822?
14
Calculate the greatest common factor of 77883 and 221.
13
What is the greatest common factor of 5712 and 5950?
238
Calculate the greatest common factor of 186 and 558186.
186
What is the highest common divisor of 420724 and 8132?
428
What is the greatest common divisor of 39 and 70330?
13
What is the highest common divisor of 123 and 44226?
3
What is the greatest common divisor of 10909 and 2?
1
What is the greatest common divisor of 157478 and 4260?
142
What is the greatest common factor of 4 and 1917844?
4
What is the greatest common factor of 48 and 1188592?
16
What is the highest common divisor of 234 and 91338?
78
Calculate the highest common factor of 9048 and 2175.
87
Calculate the highest common divisor of 15186 and 82.
2
What is the highest common factor of 90 and 266990?
10
Calculate the highest common divisor of 890 and 378606.
178
Calculate the highest common factor of 130834 and 874.
38
Calculate the greatest common divisor of 10668 and 18796.
508
What is the highest common factor of 529326 and 198?
18
Calculate the greatest common divisor of 285 and 3411165.
285
What is the greatest common divisor of 1656905 and 965?
965
What is the greatest common factor of 1637 and 4?
1
Calculate the greatest common factor of 6541 and 27008.
211
What is the highest common divisor of 12188 and 440?
44
Calculate the highest common factor of 9 and 27927.
9
What is the highest common divisor of 26 and 234052?
26
Calculate the highest common divisor of 3411290 and 730.
730
What is the highest common factor of 21 and 4529?
7
What is the greatest common divisor of 13128 and 22608?
24
Calculate the greatest common divisor of 140 and 3112970.
70
What is the greatest common factor of 2700 and 7992?
108
Calculate the highest common divisor of 29097 and 36.
9
What is the highest common factor of 1369 and 3589?
37
What is the greatest common divisor of 408 and 36264?
24
Calculate the highest common divisor of 44 and 36872.
44
What is the highest common divisor of 219690 and 36?
18
What is the greatest common factor of 1703 and 11336?
13
What is the highest common factor of 30 and 88440?
30
Calculate the highest common factor of 765 and 1649.
17
Calculate the highest common divisor of 75358 and 4756.
82
What is the highest common divisor of 714 and 3089835?
357
What is the greatest common divisor of 1 and 13367?
1
What is the highest common divisor of 15 and 1557990?
15
Calculate the greatest common divisor of 31 and 1205063.
31
What is the highest common factor of 22781 and 627?
209
Calculate the greatest common factor of 1537 and 7579.
53
Calculate the highest common factor of 6016 and 89864.
376
Calculate the highest common divisor of 4028 and 172197.
1007
What is the highest common factor of 32 and 470?
2
Calculate the highest common divisor of 3046593 and 2486.
1243
What is the highest common divisor of 125 and 3645?
5
What is the highest common factor of 377 and 1022801?
377
Calculate the greatest common divisor of 5126 and 55.
11
What is the highest common divisor of 6936 and 768?
24
What is the greatest common divisor of 5199356 and 904?
452
Calculate the highest common divisor of 19250 and 1890.
70
What is the highest common factor of 85 and 246772?
17
Calculate the greatest common divisor of 465462 and 34025.
1361
What is the greatest common factor of 55572 and 88?
44
What is the greatest common factor of 40170 and 780?
390
What is the highest common factor of 4794 and 30174?
282
What is the greatest common divisor of 1808 and 437875?
113
Calculate the greatest common factor of 985774 and 762.
254
What is the greatest common factor of 572 and 63349?
143
Calculate the highest common factor of 474432 and 6048.
672
What is the highest common divisor of 30056 and 78?
26
What is the highest common factor of 4 and 1489652?
4
What is the greatest common factor of 19 and 286045?
19
Calculate the greatest common factor of 14664 and 4680.
312
What is the highest common factor of 3792 and 2544?
48
What is the highest common factor of 10335 and 56445?
795
What is the highest common divisor of 9018 and 486?
54
What is the greatest common divisor of 18447 and 127413?
429
Calculate the highest common factor of 14518 and 61061.
427
Calculate the greatest common divisor of 803 and 219.
73
What is the highest common divisor of 36639 and 46?
23
Calculate the greatest common divisor of 22 and 161678.
22
Calculate the greatest common divisor of 24744 and 40.
8
What is the highest common factor of 11997 and 155?
31
What is the highest common divisor of 33264 and 180?
36
Calculate the greatest common divisor of 380 and 980.
20
Calculate the highest common factor of 646 and 231982.
34
What is the greatest common divisor of 1748 and 13524?
92
Calculate the greatest common divisor of 14352 and 32.
16
Calculate the highest common factor of 182 and 592774.
182
What is the highest common divisor of 398 and 1555583?
199
Calculate the highest common divisor of 72 and 10467.
9
Calculate the greatest common factor of 158 and 962773.
79
Calculate the greatest common factor of 153 and 87.
3
What is the highest common factor of 32631 and 38106?
219
What is the highest common factor of 1100 and 230604?
44
Calculate the highest common divisor of 7 and 10046743.
7
Calculate the highest common factor of 71 and 41677.
71
Calculate the greatest common factor of 388249 and 199.
199
What is the greatest common factor of 346128 and 304?
16
What is the greatest common divisor of 4152834 and 207?
207
Calculate the highest common divisor of 66920 and 280.
280
What is the greatest common factor of 273530 and 170?
170
Calculate the highest common divisor of 3 and 90228.
3
What is the greatest common factor of 15 and 3023355?
15
What is the greatest common divisor of 1530 and 1038?
6
What is the greatest common divisor of 11342 and 11770?
214
Calculate the highest common factor of 14744 and 247.
19
Calculate the highest common divisor of 429 and 1209.
39
Calculate the greatest common divisor of 6710 and 145790.
610
Calculate the highest common factor of 11 and 4268891.
11
What is the highest common divisor of 10358 and 6?
2
Calculate the greatest common factor of 6136 and 109